**2 + a - 1. Let m(n) = -n**3 + 4*n**2 + 2. What is the remainder when h(1) is divided by m(4)?
0
Suppose 2*g - 24 - 42 = 0. Let b be 20/8*(0 - -2). Suppose -60 = -5*c + 5*n, -b*c = -2*c - 5*n - 26. Calculate the remainder when g is divided by c.
16
Let q(v) = v**3 + 8*v**2 + 7*v + 4. Let s be q(-7). Let o = s - -3. Let m = o - -6. What is the remainder when 24 is divided by m?
11
Let v(d) = -d**3 + d + 11. Let n be (0/1)/(-2 - 0). What is the remainder when 19 is divided by v(n)?
8
What is the remainder when 6 is divided by (2/3)/((-10)/(-45))?
0
Suppose 0 = -2*x + 30 + 4. Let r(d) = 6*d**2 + d - 1. What is the remainder when x is divided by r(1)?
5
Suppose 10*i - 65 + 5 = 0. What is the remainder when i is divided by 48/20 + 2/(-5)?
0
Suppose 4*y = -2*u + 8, 4*y = 3*u - 0*y + 8. Let r = u - -2. Suppose -b = -q - 14, 0*b - q = r*b - 16. Calculate the remainder when 29 is divided by b.
9
Let k(m) = -11*m + 22. Calculate the remainder when k(-4) is divided by 17.
15
Let g be 6/(-8) + (-518)/(-8). Suppose 4*v + 2*z - g = 0, -z + 66 = -v + 5*v. What is the remainder when 48 is divided by v?
14
Let z(k) = -k + 2. Let o = -1 + 1. Suppose 3*c + 2*b - 28 = 0, -c - 5*b = -4*c - 7. What is the remainder when c is divided by z(o)?
0
Suppose t + 6 = 1. Let q(w) = w**3 + 7*w**2 + 5*w + 1. What is the remainder when q(-6) is divided by (-4)/(-12)*(1 - t)?
1
Let t be (-6)/8 - 3/12. Let f = 22 - 22. What is the remainder when (-51)/(t/(f - -1)) is divided by 26?
25
Let y = 0 + 13. Suppose -26 + 138 = 14*h. Calculate the remainder when y is divided by h.
5
Suppose 4*f + 4 = 0, 0 = 2*d - 3*f - 0 - 33. Calculate the remainder when 24 is divided by d.
9
Let g(u) = -13*u**3 - u**2 + u + 1. What is the remainder when 59 is divided by g(-1)?
11
Suppose 0 = -2*f + 40 + 36. What is the remainder when f is divided by 20?
18
Suppose 12 + 76 = 2*z + 2*i, -i + 85 = 2*z. Calculate the remainder when 80 is divided by z.
39
Calculate the remainder when 5/(6/42*21/12) is divided by 11.
9
Let t(c) = -c**3 - 19*c**2 + 6*c + 127. Let d(k) = -k**3 - 6*k**2 - 8*k + 1. What is the remainder when d(-6) is divided by t(-19)?
10
Suppose 5*s - 75 = 75. What is the remainder when s is divided by 22?
8
Suppose -5*b - 91 = -4*h, -b - 2*b + 99 = 4*h. Calculate the remainder when h is divided by 13.
11
Let h(s) = -2*s**3 - 2*s**2 + 6*s + 3. Let a be h(-5). Let l = -103 + a. Suppose -l = 2*d - 4*d. What is the remainder when d is divided by 12?
11
Let a = -16 - -29. What is the remainder when a is divided by 7?
6
Let m(j) = -5*j**2 + 3*j - 71. Let f(p) = -3*p**2 + 2*p - 36. Let x(t) = 7*f(t) - 4*m(t). What is the remainder when x(0) is divided by 12?
8
Suppose 3*l - 5*s - 26 = 0, -4*s = -0*l + l + 14. Suppose 4 = l*q - 0. Suppose -t - 13 = -0*w - q*w, -15 = 5*t. What is the remainder when w is divided by 3?
2
Suppose -d - 48 = -5*d. What is the remainder when 33 is divided by d?
9
Let z(g) = 12*g**2 - 3*g - 3. Let l be z(-2). Let y = -20 - -20. Calculate the remainder when y - (l + 1)/(-2) is divided by 14.
12
Let q(t) = -2*t**3 - 2*t**2 + 5*t + 2. Suppose 6*c + 22 = 100. Calculate the remainder when q(-3) is divided by c.
10
Suppose -9 = 3*a, -j + 6*j - a = 163. Let q = j - 19. Calculate the remainder when 50 is divided by q.
11
What is the remainder when -1 - 12/(-20) - (-966)/15 is divided by 33?
31
Let o(k) = k**3 + 2*k**2 + 2*k - 2. Let j be o(-2). Let c(y) = -y**2 - 10*y - 10. What is the remainder when 53 is divided by c(j)?
11
Let p(k) = -k + k**2 + 6 + 4*k - k. Calculate the remainder when 39 is divided by p(-4).
11
Let v be 38 - -6*4/6. Let j = v + -12. Calculate the remainder when j is divided by 8.
6
Suppose m - 3 - 3 = 0. Calculate the remainder when (-544)/(-40) + m/(-10) is divided by 5.
3
Suppose -4*c = -12, u + 5*c + 41 = 3*u. Let r = u + -3. What is the remainder when r is divided by 13?
12
Let c = 29 + 5. Suppose -4*q = -5*v - 6*q + c, -5*q = 4*v - 17. Calculate the remainder when (30 + -2)/(8/4) is divided by v.
6
Let h be 0 - 0/(-3) - -5. Let r(t) = t - 1. Let d be r(h). Suppose d*i - 2*i - 22 = 0. What is the remainder when i is divided by 4?
3
Calculate the remainder when (2*(-2)/12)/1*-63 is divided by 6.
3
Let l = 45 - 36. Calculate the remainder when 11 is divided by l.
2
Let c(h) = -h - 1. Let j(d) = -d. Let u(w) = -4*c(w) + j(w). Let q = 28 - 19. What is the remainder when u(7) is divided by q?
7
Let q = -12 + 21. What is the remainder when q is divided by 4?
1
Let g be (4/8)/(3/(-36)). Calculate the remainder when (-356)/g + 1/(-3) is divided by 30.
29
Suppose 10*h = 7*h + 66. Calculate the remainder when 42 is divided by h.
20
Let z(a) = -a**2 - 7*a - 3. Let r = -1 + 4. Suppose 3*o = -r*k + 4*o + 12, k - 8 = -o. Calculate the remainder when z(-3) is divided by k.
4
Let c = -19 + 13. Let o = 6 - c. Suppose 2*g + 10 - 78 = 0. Calculate the remainder when g is divided by o.
10
Calculate the remainder when 30 is divided by 7 + -1 + (1 - -2).
3
Let d(u) = 2*u - 13. Let z be d(6). What is the remainder when z + (-135)/(-3) + 1 is divided by 16?
13
Let x(y) = y**2 + 9*y + 4. Let k(p) = 8*p - 1. Suppose -2*b + 1 = 3. Let j be k(b). What is the remainder when 10 is divided by x(j)?
2
Suppose 0 = -4*h - 0*h + 48. Calculate the remainder when 138/(-18)*6*-1 is divided by h.
10
Let u be (-3 - -1)*(3 - 4). Suppose -13 = -u*f - 5. Suppose 0 = p + 3*r - 24, -3*p - 2*p + f*r + 25 = 0. Calculate the remainder when 25 is divided by p.
7
Let q = -3 + 4. Calculate the remainder when 3 is divided by q.
0
Let q be (2 - (1 - 3)) + -32. Let r = q - -41. Calculate the remainder when r is divided by 3.
1
Suppose -2*b + 6*f = 5*f - 157, 0 = 4*f + 12. Calculate the remainder when b is divided by 30.
17
Let v be ((-3)/(-2))/(7/14). Suppose 31 = 5*o - v*d, o - 5*d + 6 = -1. What is the remainder when 15 is divided by o?
7
Let x(z) = -59*z**3 + z. Let h be x(-1). Let w be h/18 + (-10)/45. Suppose 0 = -5*b - 15, -14 = w*u + 2*b - 74. What is the remainder when u is divided by 12?
10
Let v(u) = 72*u**3 + u**2 + u - 1. Let k(j) = -j**2 + 1. Let d(z) = -k(z) - v(z). Calculate the remainder when d(-1) is divided by 38.
35
Suppose -4*a + 21 = 5*f - 6, 0 = -4*f - 5*a + 27. What is the remainder when 6 is divided by f?
0
Let v(h) = 142*h - 5. Calculate the remainder when v(1) is divided by 35.
32
Suppose 3*a - 48 = -3*y, 5*a = -4*y + 4*a + 67. Calculate the remainder when 32 is divided by y.
15
Suppose 2*t + 4*q = 30, 4*t + 5*q - 45 = -0*q. Calculate the remainder when -2*(-2 + 13/(-2)) is divided by t.
2
Let g(p) = -p**3 - 5*p**2 - 4*p + 3. Let i be g(-4). Suppose i*b = 3*r - 2*r + 123, -5*b + 205 = 3*r. Calculate the remainder when b is divided by 21.
20
Let j(n) = 5*n**2 - 2*n - 6. What is the remainder when j(-2) is divided by 8?
2
Suppose 6*a - 4*p = a + 66, 5*p - 30 = -5*a. Let q = a + -8. Suppose 4*o = -2*b + 96, q*o - o + 3*b = 24. Calculate the remainder when 47 is divided by o.
23
Let t be -4*2*10/(-16). Suppose m = 3*w + 16, -3*m + 13 = m + t*w. Let i = -3 + 6. Calculate the remainder when m is divided by i.
1
Suppose p + 2*o = 38 - 8, -5*p + 150 = -2*o. What is the remainder when p is divided by 18?
12
Let v = 16 + -5. Calculate the remainder when 43 is divided by v.
10
Calculate the remainder when ((-30)/(-7))/((-4)/(-28)) is divided by 16.
14
Let a = 83 + -79. Let u(k) = -k**3 + 4*k**2 - 3*k + 1. What is the remainder when a is divided by u(2)?
1
Suppose 1 + 3 = p. What is the remainder when -21*6/(-42) + (-24)/(-2) is divided by p?
3
Let m(t) = -t**2 - 17*t - 12. Calculate the remainder when m(-11) is divided by 16.
6
Let q = -13 - -9. Let d(g) = -g**3 - 4*g**2 - 5*g - 3. Calculate the remainder when 32 is divided by d(q).
15
Let a(c) = c**2 + 2*c - 4. Let h = 11 + -6. Let m(t) = 2*t - 6. What is the remainder when a(-5) is divided by m(h)?
3
Let z be (1 + 509)*(-3)/(-3). Suppose -5*k - 110 = -z. Suppose -2*d - k = -5*m + 13, -5*m = -3*d - 92. Calculate the remainder when m is divided by 10.
9
Suppose -8*x + 30 = -6*x. What is the remainder when 26 is divided by x?
11
Let a = -7 + -7. Let r = 65 + a. What is the remainder when r is divided by 13?
12
Suppose 4*x - 20 - 28 = 0. Suppose -r - 3*s = 4*r - 39, 2*r - x = -3*s. What is the remainder when (60/25)/(3/20) is divided by r?
7